 what is -175b + 2?
-1759
In base 8, what is 4 + 6506?
6512
In base 16, what is -42 - 6?
-48
In base 14, what is 4 - 27?
-23
In base 13, what is -6ca - 1?
-6cb
In base 16, what is 2 - 596?
-594
In base 11, what is -4a - -7?
-43
In base 8, what is 106 + -16?
70
In base 16, what is 4 + 4b?
4f
In base 2, what is 1010 - 11001?
-1111
In base 5, what is 11 + -33?
-22
In base 15, what is -9e - 2?
-a1
In base 3, what is 0 + 1101?
1101
In base 16, what is 19d - -3?
1a0
In base 13, what is 851 - 2?
84c
In base 16, what is -a + b?
1
In base 9, what is -86 + 2?
-84
In base 13, what is 0 - -124?
124
In base 15, what is 66 + 3?
69
In base 6, what is -41 - -235?
154
In base 16, what is 47 + -47?
0
In base 12, what is 560 + -3?
559
In base 15, what is 2 + -508?
-506
In base 14, what is c3 - 2?
c1
In base 6, what is 54 + -42?
12
In base 7, what is -314 + 1?
-313
In base 12, what is -5 - 6?
-b
In base 7, what is 1 + -34?
-33
In base 13, what is 24 + 40?
64
In base 4, what is 20012 + 3?
20021
In base 2, what is 1011 + 11110010?
11111101
In base 15, what is 1e + a?
29
In base 5, what is -231 + 412?
131
In base 2, what is -11 + 100000001100?
100000001001
In base 11, what is 2 - 89?
-87
In base 7, what is -6 - -116?
110
In base 14, what is -1 + 1d?
1c
In base 7, what is -4 - 100?
-104
In base 6, what is 2100 - 4?
2052
In base 16, what is 59 - 2?
57
In base 14, what is 44 - -9?
4d
In base 9, what is -83 + 4?
-78
In base 3, what is -1101121 - -12?
-1101102
In base 6, what is -4 - 204?
-212
In base 10, what is 2 + -9?
-7
In base 16, what is 0 + 7?
7
In base 5, what is -2 + 221?
214
In base 9, what is -1181 - -15?
-1165
In base 3, what is 212 - 2110?
-1121
In base 6, what is -5 - 3002?
-3011
In base 7, what is -2135 + -3?
-2141
In base 4, what is -10021 - 2?
-10023
In base 4, what is -23313 - -3?
-23310
In base 15, what is 105 - -8?
10d
In base 15, what is -182 - 3?
-185
In base 11, what is 2 - 2569?
-2567
In base 7, what is -3061 - 4?
-3065
In base 3, what is 102 + 2002?
2111
In base 2, what is -1 + 101111001101?
101111001100
In base 2, what is -110000011100 - 1?
-110000011101
In base 4, what is 1 - 320?
-313
In base 13, what is 5 - -293?
298
In base 4, what is -1313322 - -10?
-1313312
In base 11, what is -328 - 0?
-328
In base 10, what is 156 + -13?
143
In base 2, what is 1001 - 1011?
-10
In base 13, what is 4 + -6?
-2
In base 11, what is -558 - 6?
-563
In base 15, what is -3 - -376?
373
In base 11, what is -903 + 0?
-903
In base 5, what is 33112 + 0?
33112
In base 14, what is -12 - 12?
-24
In base 11, what is 15 - -167?
181
In base 15, what is -2d - -3?
-2a
In base 8, what is -146 - 2?
-150
In base 3, what is 1110 + -21?
1012
In base 6, what is -41 + 20?
-21
In base 11, what is -6 + 496?
490
In base 5, what is -3 + -22420?
-22423
In base 13, what is -1 + -5b?
-5c
In base 8, what is -142 - 5?
-147
In base 12, what is 6 + 30?
36
In base 8, what is 16 + -14?
2
In base 6, what is 300 + -5?
251
In base 5, what is -11 + -3333?
-3344
In base 9, what is 134 - -8?
143
In base 4, what is -2 + 201033?
201031
In base 16, what is -ad + -3?
-b0
In base 6, what is 114 + -5?
105
In base 8, what is 5 + 436?
443
In base 15, what is -14 + -2?
-16
In base 13, what is 2c - -c?
3b
In base 7, what is 45 + 63?
141
In base 13, what is -18 + -525?
-540
In base 8, what is 755 - -5?
762
In base 15, what is -5 + 27?
22
In base 9, what is 3 + -4264?
-4261
In base 15, what is -2 + 45d?
45b
In base 3, what is -12 - -2112?
2100
In base 9, what is -4305 + -2?
-4307
In base 5, what is 4 + -243?
-234
In base 3, what is 2022021 - 1?
2022020
In base 11, what is 59 - -6?
64
In base 7, what is 4 + 500?
504
In base 8, what is -1 - -204?
203
In base 11, what is 11 + -956?
-945
In base 16, what is -6 - ef?
-f5
In base 4, what is -11 - -1331?
1320
In base 9, what is 143 + 0?
143
In base 16, what is 0 + 761?
761
In base 10, what is -171 - -2?
-169
In base 3, what is 212122 - 10?
212112
In base 15, what is 3737 + -2?
3735
In base 6, what is 22 + -1503?
-1441
In base 11, what is -30 - -4?
-27
In base 13, what is -712 - 6?
-718
In base 15, what is -195 - -5?
-190
In base 6, what is 4 + 32505?
32513
In base 5, what is 40243 - 4?
40234
In base 13, what is -2c + 4?
-28
In base 14, what is 14 + 18?
2c
In base 14, what is 9 + 0?
9
In base 4, what is 20 - -10?
30
In base 11, what is 24a - 9?
241
In base 6, what is 4002 - -22?
4024
In base 5, what is -2322 - -11?
-2311
In base 15, what is 434 + 2?
436
In base 3, what is 0 - -111022220?
111022220
In base 8, what is -103 + -30?
-133
In base 11, what is 96 - 5?
91
In base 2, what is -11001 + 10100?
-101
In base 3, what is 1 + -1120210?
-1120202
In base 16, what is -b2 - 0?
-b2
In base 15, what is ace + -2?
acc
In base 7, what is -5 + -20455?
-20463
In base 5, what is -222 + 102?
-120
In base 9, what is 81 + 1?
82
In base 12, what is 188 - -3?
18b
In base 7, what is -35 + 36?
1
In base 11, what is -176 + -5?
-180
In base 2, what is 101 + 1100010010?
1100010111
In base 16, what is 1f - b?
14
In base 10, what is 1625 + -2?
1623
In base 5, what is 3 + 11?
14
In base 3, what is -1 - 1002?
-1010
In base 12, what is -3 - -1?
-2
In base 16, what is -2f - 2?
-31
In base 13, what is -2 - -1b95?
1b93
In base 11, what is -17 + 2?
-15
In base 14, what is 0 + -d2?
-d2
In base 9, what is -3143 - -5?
-3137
In base 4, what is -11 - -120?
103
In base 16, what is -2 - -2c?
2a
In base 12, what is -98 - -5?
-93
In base 10, what is -1 + -415?
-416
In base 3, what is -2 + -2201?
-2210
In base 6, what is 12 - 134?
-122
In base 11, what is a74 - 4?
a70
In base 9, what is -3 - 26?
-30
In base 11, what is a8 + 220?
318
In base 2, what is -11100101 + -1100?
-11110001
In base 12, what is -2 - 157?
-159
In base 5, what is -100230 - 10?
-100240
In base 9, what is 4226 + -2?
4224
In base 13, what is -2 + -137?
-139
In base 16, what is c - 2b?
-1f
In base 3, what is 12 - 12?
0
In base 9, what is 471 + -7?
463
In base 11, what is -2185 - 1?
-2186
In base 9, what is -162 - -1?
-161
In base 16, what is 8 - -c6?
ce
In base 8, what is -12 - 225?
-237
In base 7, what is 22 + 20?
42
In base 13, what is 37 - -69?
a3
In base 7, what is 145 + -16?
126
In base 4, what is -131 + -101?
-232
In base 9, what is 272 + 3?
275
In base 5, what is -4 - 10?
-14
In base 4, what is -2210020 - 10?
-2210030
In base 15, what is -1 - -4e?
4d
In base 13, what is 165 - -8?
170
In base 5, what is -110141 + -2?
-110143
In base 3, what is -22212 + -12?
-100001
In base 7, what is -26 - -22?
-4
In base 4, what is 1 - 33313?
-33312
In base 6, what is 102 - -22?
124
In base 7, what is -1301 + 1?
-1300
In base 14, what is 8 - -6d?
77
In base 10, what is 1 - 324?
-323
In base 8, what is -2413 + -2?
-2415
In base 6, what is -123 - -502?
335
In base 11, what is 32 + -29?
4
In base 6, what is -1522 + 0?
-1522
In base 7, what is 0 + -11632?
-11632
In base 10, what is 5 - 746?
-741
In base 12, what is 0 + b7?
b7
In base 4, what is 1 - 1022133?
-1022132
In base 3, what is -121 - 1022?
-1220
In base 10, what is -501 - -2?
-499
In base 9, what is -38 - -3?
-35
In base 10, what is 0 - -62?
62
In base 10, what is 2 - -6200?
6202
In base 9, what is -282 - 0?
-282
In base 14, what is 5 + 18?
1d
In base 11, what is 3a + 108?
147
In base 3, what is 11 - -22122?
22210
In base 16, what is -15c - 3?
-15f
In base 3, what is 121 - -110100?
110221
In base 9, what is 4 - -155?
160
In base 16, what is 6 + 1b?
21
In base 9, what is 5 + 118?
124
In base 9, what is 3 - 620?
-616
In base 3, what is -2 - 111000?
-111002
In base 7, what is -2341 + -5?
-2346
In base 12, what is 826 - -2?
828
In base 6, what is 22 - 0?
22
In base 7, what is 4 + 22?
26
In base 8, what is -14 + 10?
-4
In base 4, what is -3 - 13232?
-13301
In base 5, what is 1 + 1210?
1211
In base 11, what is -13 - -17?
4
In base 5, what is -4202 + -23?
-4230
In base 8, what is 1 - -42?
43
In base 14, what is -4 - 50a?
-510
In base 10, what is -5 - -2157?
2152
In base 14, what is 2636 + -3?
2633
In base 5, what is 1120 - -2?
1122
In base 13, what is 6 - 19?
-13
In base 10, what is 100 + -226?
-126
In base 16, what is -5 - -2f?
2a
In base 14, what is -9 + 11?
6
In base 13, what is 119 + 4?
120
In base 5, what is 1124 - 3?
1121
In base 12, what is -1b + -24?
-43
In base 2, what is -100110011 - 100?
-10011